{"id":25,"date":"2026-01-27T14:57:31","date_gmt":"2026-01-27T14:57:31","guid":{"rendered":"http:\/\/www.inwestycjeniszowe.pl\/?page_id=25"},"modified":"2026-02-01T07:31:42","modified_gmt":"2026-02-01T06:31:42","slug":"inwestycje-uczace-dyscypliny","status":"publish","type":"page","link":"https:\/\/www.inwestycjeniszowe.pl\/index.php\/inwestycje-uczace-dyscypliny\/","title":{"rendered":"Inwestycje \u201eucz\u0105ce dyscypliny\u201d"},"content":{"rendered":"\n<p>Finanse rzadko pozostaj\u0105 wy\u0142\u0105cznie spraw\u0105 indywidualn\u0105. W naturalny spos\u00f3b przenikaj\u0105 relacje \u2014 partnerskie, rodzinne i zawodowe \u2014 wp\u0142ywaj\u0105c na poczucie bezpiecze\u0144stwa, zaufanie i codzienny spok\u00f3j. To nie wysoko\u015b\u0107 dochod\u00f3w, lecz spos\u00f3b rozmowy o pieni\u0105dzach najcz\u0119\u015bciej decyduje o jako\u015bci relacji.<\/p>\n\n\n\n<p>W wielu przypadkach napi\u0119cia finansowe nie wynikaj\u0105 z braku \u015brodk\u00f3w, ale z braku jasno\u015bci. Niewypowiedziane oczekiwania, r\u00f3\u017cne podej\u015bcia do oszcz\u0119dzania czy odmienne postrzeganie ryzyka potrafi\u0105 prowadzi\u0107 do nieporozumie\u0144. \u015awiadomo\u015b\u0107 w\u0142asnych priorytet\u00f3w finansowych oraz umiej\u0119tno\u015b\u0107 ich spokojnego komunikowania stanowi\u0105 fundament zdrowych relacji.<\/p>\n\n\n\n<p>Pieni\u0105dze cz\u0119sto odzwierciedlaj\u0105 warto\u015bci. Dla jednej osoby oznaczaj\u0105 bezpiecze\u0144stwo, dla innej swobod\u0119 lub niezale\u017cno\u015b\u0107. Zrozumienie tych r\u00f3\u017cnic pozwala spojrze\u0107 na finansowe decyzje drugiej strony z wi\u0119ksz\u0105 empati\u0105, zamiast ocenia\u0107 je przez w\u0142asny pryzmat.<\/p>\n\n\n\n<p>W codziennym \u017cyciu wsp\u00f3lne podej\u015bcie do finans\u00f3w nie oznacza pe\u0142nej zgodno\u015bci w ka\u017cdym szczeg\u00f3le. Oznacza raczej umiej\u0119tno\u015b\u0107 budowania kompromis\u00f3w i wsp\u00f3lnego kierunku. Proste ustalenia \u2014 dotycz\u0105ce bud\u017cetu, zobowi\u0105za\u0144 czy cel\u00f3w \u2014 zmniejszaj\u0105 napi\u0119cie i daj\u0105 poczucie stabilno\u015bci.<\/p>\n\n\n\n<p>Finanse w relacjach najlepiej funkcjonuj\u0105 wtedy, gdy przestaj\u0105 by\u0107 tematem tabu. Spokojne, regularne rozmowy pozwalaj\u0105 oddzieli\u0107 pieni\u0105dze od emocji i unikn\u0105\u0107 sytuacji, w kt\u00f3rych drobne problemy narastaj\u0105 w ciszy.<\/p>\n\n\n\n<p>Zdrowe relacje finansowe nie opieraj\u0105 si\u0119 na kontroli, lecz na zaufaniu i przejrzysto\u015bci. Gdy pieni\u0105dze staj\u0105 si\u0119 narz\u0119dziem wsp\u00f3\u0142pracy, a nie \u017ar\u00f3d\u0142em konfliktu, wspieraj\u0105 nie tylko stabilno\u015b\u0107 materialn\u0105, ale r\u00f3wnie\u017c jako\u015b\u0107 codziennego \u017cycia.<\/p>\n","protected":false},"excerpt":{"rendered":"<p>Finanse rzadko pozostaj\u0105 wy\u0142\u0105cznie spraw\u0105 indywidualn\u0105. W naturalny spos\u00f3b przenikaj\u0105 relacje \u2014 partnerskie, rodzinne i zawodowe \u2014 wp\u0142ywaj\u0105c na poczucie bezpiecze\u0144stwa, zaufanie i codzienny spok\u00f3j. To nie wysoko\u015b\u0107 dochod\u00f3w, lecz spos\u00f3b rozmowy o pieni\u0105dzach najcz\u0119\u015bciej decyduje o jako\u015bci relacji. W wielu przypadkach napi\u0119cia finansowe nie wynikaj\u0105 z braku \u015brodk\u00f3w, ale z braku jasno\u015bci. Niewypowiedziane oczekiwania, [&hellip;]<\/p>\n","protected":false},"author":1,"featured_media":150,"parent":0,"menu_order":0,"comment_status":"closed","ping_status":"closed","template":"","meta":{"_bbp_topic_count":0,"_bbp_reply_count":0,"_bbp_total_topic_count":0,"_bbp_total_reply_count":0,"_bbp_voice_count":0,"_bbp_anonymous_reply_count":0,"_bbp_topic_count_hidden":0,"_bbp_reply_count_hidden":0,"_bbp_forum_subforum_count":0,"footnotes":""},"class_list":["post-25","page","type-page","status-publish","has-post-thumbnail","hentry"],"_links":{"self":[{"href":"https:\/\/www.inwestycjeniszowe.pl\/index.php\/wp-json\/wp\/v2\/pages\/25","targetHints":{"allow":["GET"]}}],"collection":[{"href":"https:\/\/www.inwestycjeniszowe.pl\/index.php\/wp-json\/wp\/v2\/pages"}],"about":[{"href":"https:\/\/www.inwestycjeniszowe.pl\/index.php\/wp-json\/wp\/v2\/types\/page"}],"author":[{"embeddable":true,"href":"https:\/\/www.inwestycjeniszowe.pl\/index.php\/wp-json\/wp\/v2\/users\/1"}],"replies":[{"embeddable":true,"href":"https:\/\/www.inwestycjeniszowe.pl\/index.php\/wp-json\/wp\/v2\/comments?post=25"}],"version-history":[{"count":2,"href":"https:\/\/www.inwestycjeniszowe.pl\/index.php\/wp-json\/wp\/v2\/pages\/25\/revisions"}],"predecessor-version":[{"id":149,"href":"https:\/\/www.inwestycjeniszowe.pl\/index.php\/wp-json\/wp\/v2\/pages\/25\/revisions\/149"}],"wp:featuredmedia":[{"embeddable":true,"href":"https:\/\/www.inwestycjeniszowe.pl\/index.php\/wp-json\/wp\/v2\/media\/150"}],"wp:attachment":[{"href":"https:\/\/www.inwestycjeniszowe.pl\/index.php\/wp-json\/wp\/v2\/media?parent=25"}],"curies":[{"name":"wp","href":"https:\/\/api.w.org\/{rel}","templated":true}]}}