{"id":71,"date":"2026-02-01T07:14:09","date_gmt":"2026-02-01T06:14:09","guid":{"rendered":"https:\/\/www.inwestycjeniszowe.pl\/?page_id=71"},"modified":"2026-02-01T07:14:09","modified_gmt":"2026-02-01T06:14:09","slug":"codzienne-decyzje-2","status":"publish","type":"page","link":"https:\/\/www.inwestycjeniszowe.pl\/index.php\/codzienne-decyzje-2\/","title":{"rendered":"Codzienne decyzje"},"content":{"rendered":"\n<p>Psychologia pieni\u0119dzy to nie abstrakcyjna teoria ani temat zarezerwowany dla rynk\u00f3w finansowych. To obszar, kt\u00f3ry przenika codzienne \u017cycie \u2014 decyzje zakupowe, spos\u00f3b reagowania na nieprzewidziane wydatki, a nawet to, jak postrzegamy w\u0142asn\u0105 warto\u015b\u0107 i poczucie bezpiecze\u0144stwa.<\/p>\n\n\n\n<p>Ka\u017cdego dnia podejmujemy dziesi\u0105tki drobnych wybor\u00f3w finansowych, cz\u0119sto automatycznie. To w\u0142a\u015bnie one, a nie jednorazowe decyzje, kszta\u0142tuj\u0105 nasz\u0105 sytuacj\u0119 materialn\u0105. \u015awiadomo\u015b\u0107 tych mechanizm\u00f3w pozwala spojrze\u0107 na pieni\u0105dze z dystansu i odzyska\u0107 kontrol\u0119 \u2014 bez presji, bez po\u015bpiechu, bez poczucia, \u017ce \u201epowinni\u015bmy wiedzie\u0107 wi\u0119cej\u201d.<\/p>\n\n\n\n<p>W codziennym \u017cyciu oszcz\u0119dzanie nie polega na rygorze ani ograniczeniach. Jest raczej form\u0105 troski o siebie w przysz\u0142o\u015bci. Odk\u0142adanie \u015brodk\u00f3w \u2014 nawet niewielkich \u2014 zmniejsza napi\u0119cie zwi\u0105zane z niepewno\u015bci\u0105 i daje przestrze\u0144 do podejmowania spokojniejszych decyzji. Pieni\u0105dze przestaj\u0105 by\u0107 \u017ar\u00f3d\u0142em stresu, a zaczynaj\u0105 pe\u0142ni\u0107 funkcj\u0119 bufora, kt\u00f3ry wspiera stabilno\u015b\u0107 dnia codziennego.<\/p>\n\n\n\n<p>Podobnie inwestowanie nie musi by\u0107 oderwane od reali\u00f3w \u017cycia. W swojej najprostszej formie jest procesem stopniowym, dopasowanym do indywidualnych mo\u017cliwo\u015bci i rytmu codziennych obowi\u0105zk\u00f3w. Nie wymaga ci\u0105g\u0142ego \u015bledzenia rynk\u00f3w ani emocjonalnych reakcji na kr\u00f3tkoterminowe zmiany. Wymaga jedynie regularno\u015bci i zrozumienia, \u017ce czas jest jednym z najwa\u017cniejszych sprzymierze\u0144c\u00f3w kapita\u0142u.<\/p>\n\n\n\n<p>Psychologia pieni\u0119dzy uczy, \u017ce zdrowe decyzje finansowe rodz\u0105 si\u0119 w spokoju. Gdy pieni\u0105dze s\u0105 wkomponowane w codzienne \u017cycie w spos\u00f3b naturalny, staj\u0105 si\u0119 narz\u0119dziem wspieraj\u0105cym jako\u015b\u0107 \u017cycia, a nie jego centralnym punktem. To podej\u015bcie pozwala budowa\u0107 finansow\u0105 stabilno\u015b\u0107 krok po kroku \u2014 bez presji, za to z poczuciem sensu i d\u0142ugofalowego bezpiecze\u0144stwa.<\/p>\n","protected":false},"excerpt":{"rendered":"<p>Psychologia pieni\u0119dzy to nie abstrakcyjna teoria ani temat zarezerwowany dla rynk\u00f3w finansowych. To obszar, kt\u00f3ry przenika codzienne \u017cycie \u2014 decyzje zakupowe, spos\u00f3b reagowania na nieprzewidziane wydatki, a nawet to, jak postrzegamy w\u0142asn\u0105 warto\u015b\u0107 i poczucie bezpiecze\u0144stwa. Ka\u017cdego dnia podejmujemy dziesi\u0105tki drobnych wybor\u00f3w finansowych, cz\u0119sto automatycznie. To w\u0142a\u015bnie one, a nie jednorazowe decyzje, kszta\u0142tuj\u0105 nasz\u0105 sytuacj\u0119 [&hellip;]<\/p>\n","protected":false},"author":1,"featured_media":0,"parent":0,"menu_order":0,"comment_status":"closed","ping_status":"closed","template":"","meta":{"_bbp_topic_count":0,"_bbp_reply_count":0,"_bbp_total_topic_count":0,"_bbp_total_reply_count":0,"_bbp_voice_count":0,"_bbp_anonymous_reply_count":0,"_bbp_topic_count_hidden":0,"_bbp_reply_count_hidden":0,"_bbp_forum_subforum_count":0,"footnotes":""},"class_list":["post-71","page","type-page","status-publish","hentry"],"_links":{"self":[{"href":"https:\/\/www.inwestycjeniszowe.pl\/index.php\/wp-json\/wp\/v2\/pages\/71","targetHints":{"allow":["GET"]}}],"collection":[{"href":"https:\/\/www.inwestycjeniszowe.pl\/index.php\/wp-json\/wp\/v2\/pages"}],"about":[{"href":"https:\/\/www.inwestycjeniszowe.pl\/index.php\/wp-json\/wp\/v2\/types\/page"}],"author":[{"embeddable":true,"href":"https:\/\/www.inwestycjeniszowe.pl\/index.php\/wp-json\/wp\/v2\/users\/1"}],"replies":[{"embeddable":true,"href":"https:\/\/www.inwestycjeniszowe.pl\/index.php\/wp-json\/wp\/v2\/comments?post=71"}],"version-history":[{"count":1,"href":"https:\/\/www.inwestycjeniszowe.pl\/index.php\/wp-json\/wp\/v2\/pages\/71\/revisions"}],"predecessor-version":[{"id":137,"href":"https:\/\/www.inwestycjeniszowe.pl\/index.php\/wp-json\/wp\/v2\/pages\/71\/revisions\/137"}],"wp:attachment":[{"href":"https:\/\/www.inwestycjeniszowe.pl\/index.php\/wp-json\/wp\/v2\/media?parent=71"}],"curies":[{"name":"wp","href":"https:\/\/api.w.org\/{rel}","templated":true}]}}